{"id":86,"date":"2019-02-07T11:35:13","date_gmt":"2019-02-07T10:35:13","guid":{"rendered":"http:\/\/kariera.wlodkowic.pl\/?page_id=86"},"modified":"2019-09-09T09:52:42","modified_gmt":"2019-09-09T07:52:42","slug":"erasmus","status":"publish","type":"page","link":"https:\/\/kariera.wlodkowic.pl\/index.php\/erasmus\/","title":{"rendered":"ERASMUS +"},"content":{"rendered":"\n<p>Erasmus+ jest programem europejskiej wsp\u00f3\u0142pracy mi\u0119dzyuczelnianej opracowanym dla potrzeb szkolnictwa wy\u017cszego na lata 2014-2020. Program Erasmus+ zast\u0105pi\u0142 tym samym dotychczasowy program Longlife Learning Programme Erasmus, funkcjonuj\u0105cy w latach 2007-2013. <\/p>\n\n\n\n<p>Podstawowym celem programu Erasmus+ jest podniesienie poziomu i wzmocnienie europejskiego wymiaru kszta\u0142cenia w szko\u0142ach wy\u017cszych poprzez wspieranie mi\u0119dzynarodowej wsp\u00f3\u0142pracy mi\u0119dzy uczelniami oraz promowanie wymiany student\u00f3w i nauczycieli akademickich w Europie. W ramach programu Erasmus+ przyznawane s\u0105 stypendia na wyjazdy tysi\u0105com student\u00f3w i nauczycieli.<\/p>\n\n\n\n<p><strong>Struktura programu Erasmus+ obejmuje trzy g\u0142\u00f3wne typy dzia\u0142a\u0144:<\/strong><br> \u2022 Akcja 1: mobilno\u015b\u0107 edukacyjna (wyjazdy w celach edukacyjnych),<br> \u2022 Akcja 2: wsp\u00f3\u0142praca na rzecz innowacji i wymiany dobrych praktyk,<br> \u2022 Akcja 3: wsparcie reform w obszarze edukacji.<br><\/p>\n\n\n\n<p>W ramach <strong>Akcji 1 programu Erasmus+ <\/strong>studenci mog\u0105 wyje\u017cd\u017ca\u0107 na studia oraz na praktyki w przedsi\u0119biorstwach, organizacjach albo instytucjach dzia\u0142aj\u0105cych w innych krajach uczestnicz\u0105cych w programie. Za granic\u0119 mo\u017cna wyjecha\u0107 w trakcie dowolnego cyklu studi\u00f3w (licencjackich, magisterskich lub doktoranckich), \u0142\u0105cznie na nie d\u0142u\u017cej ni\u017c 12 miesi\u0119cy. <\/p>\n\n\n\n<p> <strong>Kto mo\u017ce korzysta\u0107 z programu Erasmus+?<\/strong><br> Do wyjazd\u00f3w za granic\u0119 w ramach programu Erasmus+ uprawnieni s\u0105 zar\u00f3wno studenci, <br> absolwenci jak i pracownicy Szko\u0142y Wy\u017cszej im. Paw\u0142a W\u0142odkowica.<br> Do wyjazdu w ramach programu Erasmus+ mog\u0105 by\u0107 kwalifikowani absolwenci i studenci kt\u00f3rzy:<br> \u2022 s\u0105 zarejestrowani na kierunku studi\u00f3w prowadz\u0105cym do otrzymania tytu\u0142u licencjata\/in\u017cyniera, magistra w SWPW<br> \u2022 w momencie wyjazdu s\u0105 studentami, co najmniej II roku studi\u00f3w I stopnia,<br> \u2022 w trakcie wyjazdu nie przebywaj\u0105 na urlopie okre\u015blonym w regulaminach studi\u00f3w w SWPW.<br> <\/p>\n\n\n\n<p><strong>Na jak d\u0142ugo mo\u017cna wyjecha\u0107?<\/strong><\/p>\n\n\n\n<ul class=\"wp-block-list\"><li>wyjazdy student\u00f3w na studia do innych kraj\u00f3w programu \u2013 na okres od 3 do 12 miesi\u0119cy;<\/li><li>wyjazdy student\u00f3w na praktyki\u00a0do innych kraj\u00f3w programu \u2013 na okres od 2 do 12 miesi\u0119cy;<\/li><li>wyjazdy absolwent\u00f3w na praktyki\/sta\u017ce do innych kraj\u00f3w programu \u2013 na okres od 2 do 12 miesi\u0119cy; (pod warunkiem zakwalifikowania na wyjazd na ostatnim roku studi\u00f3w).<\/li><\/ul>\n\n\n\n<h3 class=\"wp-block-heading\">Do 34 kraj\u00f3w uczestnicz\u0105cych w programie nale\u017cy: <\/h3>\n\n\n\n<ul class=\"wp-block-list\"><li>28\npa\u0144stw cz\u0142onkowskich Unii Europejskiej;<\/li><li>inne,\nnie nale\u017c\u0105ce do UE: Macedonia P\u00f3\u0142nocna, &nbsp;Islandia, Liechtenstein,\nNorwegia, Turcja, Serbia<\/li><\/ul>\n\n\n\n<p><strong>Stypendium<\/strong><br>Liczba stypendi\u00f3w przyznawanych studentom i nauczycielom w ramach programu Erasmus+ jest uzale\u017cniona od kwoty dofinansowania przyznanego SWPW przez Fundacj\u0119 Rozwoju Systemu Edukacji (FRSE). Stypendium przyznawane w ramach programu Erasmus+ ma charakter uzupe\u0142niaj\u0105cy, co oznacza, \u017ce nie pokrywa wszystkich koszt\u00f3w zwi\u0105zanych z wyjazdem.<br>Wysoko\u015b\u0107 stawek stypendium jest ustalona odg\u00f3rnie przez FRSE.<\/p>\n\n\n\n<p style=\"color:#0015a3\" class=\"has-text-color\"><strong>Uczelnianym Koordynatorem Programu Erasmus+ jest:  <\/strong><\/p>\n\n\n\n<p><strong>dr Rados\u0142aw Knap   <\/strong>                                                              <\/p>\n\n\n\n<p>Email: <strong>erasmus@wlodkowic.pl <\/strong> <strong>   <\/strong>                                                        <strong> <\/strong><\/p>\n","protected":false},"excerpt":{"rendered":"<p>Erasmus+ jest programem europejskiej wsp\u00f3\u0142pracy mi\u0119dzyuczelnianej opracowanym dla potrzeb szkolnictwa wy\u017cszego na lata 2014-2020. Program Erasmus+ zast\u0105pi\u0142 tym samym dotychczasowy program Longlife Learning Programme Erasmus, funkcjonuj\u0105cy w latach 2007-2013. Podstawowym celem programu Erasmus+ jest podniesienie poziomu i wzmocnienie europejskiego wymiaru <span class=\"readmore\"><a href=\"https:\/\/kariera.wlodkowic.pl\/index.php\/erasmus\/\">Czytaj dalej<\/a><\/span><\/p>\n","protected":false},"author":2,"featured_media":0,"parent":0,"menu_order":0,"comment_status":"closed","ping_status":"closed","template":"","meta":{"footnotes":""},"class_list":["post-86","page","type-page","status-publish","hentry"],"_links":{"self":[{"href":"https:\/\/kariera.wlodkowic.pl\/index.php\/wp-json\/wp\/v2\/pages\/86","targetHints":{"allow":["GET"]}}],"collection":[{"href":"https:\/\/kariera.wlodkowic.pl\/index.php\/wp-json\/wp\/v2\/pages"}],"about":[{"href":"https:\/\/kariera.wlodkowic.pl\/index.php\/wp-json\/wp\/v2\/types\/page"}],"author":[{"embeddable":true,"href":"https:\/\/kariera.wlodkowic.pl\/index.php\/wp-json\/wp\/v2\/users\/2"}],"replies":[{"embeddable":true,"href":"https:\/\/kariera.wlodkowic.pl\/index.php\/wp-json\/wp\/v2\/comments?post=86"}],"version-history":[{"count":17,"href":"https:\/\/kariera.wlodkowic.pl\/index.php\/wp-json\/wp\/v2\/pages\/86\/revisions"}],"predecessor-version":[{"id":905,"href":"https:\/\/kariera.wlodkowic.pl\/index.php\/wp-json\/wp\/v2\/pages\/86\/revisions\/905"}],"wp:attachment":[{"href":"https:\/\/kariera.wlodkowic.pl\/index.php\/wp-json\/wp\/v2\/media?parent=86"}],"curies":[{"name":"wp","href":"https:\/\/api.w.org\/{rel}","templated":true}]}}

<p>Erasmus+ jest programem europejskiej współpracy międzyuczelnianej opracowanym dla potrzeb szkolnictwa wyższego na lata 2014-2020. Program Erasmus+ zastąpił tym samym dotychczasowy program Longlife Learning Programme Erasmus, funkcjonujący w latach 2007-2013. </p>



<p>Podstawowym celem programu Erasmus+ jest podniesienie poziomu i wzmocnienie europejskiego wymiaru kształcenia w szkołach wyższych poprzez wspieranie międzynarodowej współpracy między uczelniami oraz promowanie wymiany studentów i nauczycieli akademickich w Europie. W ramach programu Erasmus+ przyznawane są stypendia na wyjazdy tysiącom studentów i nauczycieli.</p>



<p><strong>Struktura programu Erasmus+ obejmuje trzy główne typy działań:</strong><br> • Akcja 1: mobilność edukacyjna (wyjazdy w celach edukacyjnych),<br> • Akcja 2: współpraca na rzecz innowacji i wymiany dobrych praktyk,<br> • Akcja 3: wsparcie reform w obszarze edukacji.<br></p>



<p>W ramach <strong>Akcji 1 programu Erasmus+ </strong>studenci mogą wyjeżdżać na studia oraz na praktyki w przedsiębiorstwach, organizacjach albo instytucjach działających w innych krajach uczestniczących w programie. Za granicę można wyjechać w trakcie dowolnego cyklu studiów (licencjackich, magisterskich lub doktoranckich), łącznie na nie dłużej niż 12 miesięcy. </p>



<p> <strong>Kto może korzystać z programu Erasmus+?</strong><br> Do wyjazdów za granicę w ramach programu Erasmus+ uprawnieni są zarówno studenci, <br> absolwenci jak i pracownicy Szkoły Wyższej im. Pawła Włodkowica.<br> Do wyjazdu w ramach programu Erasmus+ mogą być kwalifikowani absolwenci i studenci którzy:<br> • są zarejestrowani na kierunku studiów prowadzącym do otrzymania tytułu licencjata/inżyniera, magistra w SWPW<br> • w momencie wyjazdu są studentami, co najmniej II roku studiów I stopnia,<br> • w trakcie wyjazdu nie przebywają na urlopie określonym w regulaminach studiów w SWPW.<br> </p>



<p><strong>Na jak długo można wyjechać?</strong></p>



<ul class="wp-block-list"><li>wyjazdy studentów na studia do innych krajów programu – na okres od 3 do 12 miesięcy;</li><li>wyjazdy studentów na praktyki do innych krajów programu – na okres od 2 do 12 miesięcy;</li><li>wyjazdy absolwentów na praktyki/staże do innych krajów programu – na okres od 2 do 12 miesięcy; (pod warunkiem zakwalifikowania na wyjazd na ostatnim roku studiów).</li></ul>



<h3 class="wp-block-heading">Do 34 krajów uczestniczących w programie należy: </h3>



<ul class="wp-block-list"><li>28
państw członkowskich Unii Europejskiej;</li><li>inne,
nie należące do UE: Macedonia Północna, &nbsp;Islandia, Liechtenstein,
Norwegia, Turcja, Serbia</li></ul>



<p><strong>Stypendium</strong><br>Liczba stypendiów przyznawanych studentom i nauczycielom w ramach programu Erasmus+ jest uzależniona od kwoty dofinansowania przyznanego SWPW przez Fundację Rozwoju Systemu Edukacji (FRSE). Stypendium przyznawane w ramach programu Erasmus+ ma charakter uzupełniający, co oznacza, że nie pokrywa wszystkich kosztów związanych z wyjazdem.<br>Wysokość stawek stypendium jest ustalona odgórnie przez FRSE.</p>



<p style="color:#0015a3" class="has-text-color"><strong>Uczelnianym Koordynatorem Programu Erasmus+ jest:  </strong></p>



<p><strong>dr Radosław Knap   </strong>                                                              </p>



<p>Email: <strong>erasmus@wlodkowic.pl </strong> <strong>   </strong>                                                        <strong> </strong></p>

<p>Erasmus+ jest programem europejskiej współpracy międzyuczelnianej opracowanym dla potrzeb szkolnictwa wyższego na lata 2014-2020. Program Erasmus+ zastąpił tym samym dotychczasowy program Longlife Learning Programme Erasmus, funkcjonujący w latach 2007-2013. Podstawowym celem programu Erasmus+ jest podniesienie poziomu i wzmocnienie europejskiego wymiaru <span class="readmore"><a href="https://kariera.wlodkowic.pl/index.php/erasmus/">Czytaj dalej</a></span></p>
