{"id":743,"date":"2019-05-27T11:07:55","date_gmt":"2019-05-27T09:07:55","guid":{"rendered":"http:\/\/kariera.wlodkowic.pl\/?page_id=743"},"modified":"2019-05-27T11:15:30","modified_gmt":"2019-05-27T09:15:30","slug":"5-wskazowek-o-czym-pamietac-podczas-rozmowy-kwalifikacyjnej","status":"publish","type":"page","link":"https:\/\/kariera.wlodkowic.pl\/index.php\/poradniki\/5-wskazowek-o-czym-pamietac-podczas-rozmowy-kwalifikacyjnej\/","title":{"rendered":"5 wskaz\u00f3wek o czym pami\u0119ta\u0107 podczas rozmowy kwalifikacyjnej"},"content":{"rendered":"\n<p style=\"color:#0029a3\" class=\"has-text-color\"><strong><em>Rozmowa kwalifikacyjna wzbudza emocje \u2013 to naturalne. Zadbaj o odpowiednie przygotowanie, a w \u0142atwy spos\u00f3b ograniczysz stres. Mo\u017cesz na przyk\u0142ad prze\u0107wiczy\u0107 odpowiedzi przed spotkaniem albo wizualizowa\u0107 sukces. Opanuj nerwy i b\u0105d\u017a komunikatywny, a z pewno\u015bci\u0105 bardzo dobrze si\u0119 zaprezentujesz.<\/em><\/strong><\/p>\n\n\n\n<div class=\"wp-block-image\"><figure class=\"aligncenter is-resized\"><img loading=\"lazy\" decoding=\"async\" src=\"http:\/\/kariera.wlodkowic.pl\/wp-content\/uploads\/2019\/05\/1214.jpeg\" alt=\"\" class=\"wp-image-746\" width=\"516\" height=\"357\"\/><\/figure><\/div>\n\n\n\n<p><strong><em> <\/em>1. Miej stres pod kontrol\u0105<\/strong><br> Staraj si\u0119 my\u015ble\u0107 pozytywnie. Skoro pracodawca zaprosi\u0142 Ci\u0119 na rozmow\u0119, oznacza to, \u017ce jest powa\u017cnie zainteresowany Twoj\u0105 kandydatur\u0105. Skup si\u0119 na swoich mocnych stronach i umiej\u0119tno\u015bciach. W pokonaniu nerw\u00f3w pomo\u017ce wizualizacja sukcesu, pewno\u015b\u0107 siebie i prze\u0107wiczenie odpowiedzi na wybrane pytania. <\/p>\n\n\n\n<p><strong>2. U\u015bmiechaj si\u0119 i b\u0105d\u017a naturalny<\/strong><br> U\u015bmiechni\u0119ty cz\u0142owiek wydaje si\u0119 szcz\u0119\u015bliwy, zadowolony i bardziej otwarty. Nie nale\u017cy jednak przesadzi\u0107 \u2013 pozorowany, sztuczny grymas nie zrobi dobrego wra\u017cenia. Spr\u00f3buj pokaza\u0107 swoje zadowolenie z mo\u017cliwo\u015bci spotkania.<\/p>\n\n\n\n<p><strong>3. Znaj swoj\u0105 warto\u015b\u0107<\/strong><br> Pracodawca zdecyduje si\u0119 na kandydata, kt\u00f3ry wpisze si\u0119 w profil jego firmy. Zastan\u00f3w si\u0119 wi\u0119c nad swoimi uzdolnieniami i umiej\u0119tno\u015bciami, kt\u00f3re pomog\u0105 rozwija\u0107 przedsi\u0119biorstwo. Udowodnij podczas rozmowy, \u017ce posiadasz kompetencje wymagane na danym stanowisku. <\/p>\n\n\n\n<p><strong>4. B\u0105d\u017a komunikatywny i szczery<\/strong><br> Umiej\u0119tno\u015b\u0107 wyra\u017cania swoich my\u015bli i s\u0142uchanie rozm\u00f3wcy to podstawa owocnej rozmowy. Nie mo\u017ce tego zabrakn\u0105\u0107 podczas spotkania o prac\u0119. W trakcie swojej wypowiedzi nie \u015bpiesz si\u0119 i nie przerywaj rekruterowi podczas jego monologu. M\u00f3w prawd\u0119. K\u0142amstwo pr\u0119dzej czy p\u00f3\u017aniej zostanie ujawnione.<\/p>\n\n\n\n<p><strong>5. Wyka\u017c, \u017ce znasz firm\u0119, w kt\u00f3rej chcesz pracowa\u0107<\/strong><br> Zanim wybierzesz si\u0119 na spotkanie z pracodawc\u0105, prze\u015bled\u017a jego witryn\u0119 internetow\u0105 i zapoznaj si\u0119 z najwa\u017cniejszymi informacjami na temat prowadzonej dzia\u0142alno\u015bci. Sprawd\u017a, jakimi warto\u015bciami kieruje si\u0119 firma, jakie ma cele itd. Zebrane dane mog\u0105 by\u0107 przydatne podczas rozmowy. <\/p>\n\n\n\n<p>Wi\u0119cej porad znajdziesz na: <a href=\"https:\/\/porady.pracuj.pl\/\" target=\"_blank\" rel=\"noreferrer noopener\" aria-label=\"https:\/\/porady.pracuj.pl\/ (otwiera si\u0119 na nowej zak\u0142adce)\">https:\/\/porady.pracuj.pl\/<\/a><\/p>\n","protected":false},"excerpt":{"rendered":"<p>Rozmowa kwalifikacyjna wzbudza emocje \u2013 to naturalne. Zadbaj o odpowiednie przygotowanie, a w \u0142atwy spos\u00f3b ograniczysz stres. Mo\u017cesz na przyk\u0142ad prze\u0107wiczy\u0107 odpowiedzi przed spotkaniem albo wizualizowa\u0107 sukces. Opanuj nerwy i b\u0105d\u017a komunikatywny, a z pewno\u015bci\u0105 bardzo dobrze si\u0119 zaprezentujesz. 1. <span class=\"readmore\"><a href=\"https:\/\/kariera.wlodkowic.pl\/index.php\/poradniki\/5-wskazowek-o-czym-pamietac-podczas-rozmowy-kwalifikacyjnej\/\">Czytaj dalej<\/a><\/span><\/p>\n","protected":false},"author":2,"featured_media":0,"parent":84,"menu_order":0,"comment_status":"closed","ping_status":"closed","template":"","meta":{"footnotes":""},"class_list":["post-743","page","type-page","status-publish","hentry"],"_links":{"self":[{"href":"https:\/\/kariera.wlodkowic.pl\/index.php\/wp-json\/wp\/v2\/pages\/743","targetHints":{"allow":["GET"]}}],"collection":[{"href":"https:\/\/kariera.wlodkowic.pl\/index.php\/wp-json\/wp\/v2\/pages"}],"about":[{"href":"https:\/\/kariera.wlodkowic.pl\/index.php\/wp-json\/wp\/v2\/types\/page"}],"author":[{"embeddable":true,"href":"https:\/\/kariera.wlodkowic.pl\/index.php\/wp-json\/wp\/v2\/users\/2"}],"replies":[{"embeddable":true,"href":"https:\/\/kariera.wlodkowic.pl\/index.php\/wp-json\/wp\/v2\/comments?post=743"}],"version-history":[{"count":2,"href":"https:\/\/kariera.wlodkowic.pl\/index.php\/wp-json\/wp\/v2\/pages\/743\/revisions"}],"predecessor-version":[{"id":747,"href":"https:\/\/kariera.wlodkowic.pl\/index.php\/wp-json\/wp\/v2\/pages\/743\/revisions\/747"}],"up":[{"embeddable":true,"href":"https:\/\/kariera.wlodkowic.pl\/index.php\/wp-json\/wp\/v2\/pages\/84"}],"wp:attachment":[{"href":"https:\/\/kariera.wlodkowic.pl\/index.php\/wp-json\/wp\/v2\/media?parent=743"}],"curies":[{"name":"wp","href":"https:\/\/api.w.org\/{rel}","templated":true}]}}